d = -90*u - 37288. Is u a composite number?
True
Suppose -2*q - 156 = -1358. Let i = -126 - -128. Suppose -2*s + 4*d = -760, 0 = -i*s - 5*d + q + 168. Is s composite?
True
Let k = 92 - 216. Is (k + 0)*(-48)/96 a prime number?
False
Suppose -14*q - 552013 = -91*q. Is q a composite number?
True
Suppose 266988 + 405244 = 44*f. Is f a composite number?
True
Let f = -2 + -13. Let p be (-7)/35 - 33/f. Suppose 3361 = 3*z + p*i, -z + 2*i + 3341 = 2*z. Is z composite?
False
Let k(q) = 926*q - 75. Suppose -5*o = 4*c - 5*c + 38, -3*c + 19 = 4*o. Is k(c) a prime number?
False
Let x(s) = 5*s - 15. Let t be x(4). Suppose -10*r + 15 = -t*r. Is 250 - (-3 + 3 + r) composite?
True
Let i = -12 - -31. Suppose 3*l + 2*x - 7 = 10, -x - i = -4*l. Suppose 2*v + 169 = o, l*o - 740 = -3*v + 157. Is o prime?
False
Suppose 0 = 3*c - 5*c + 4*h + 8736, -3*h = 15. Suppose -3*x - 2*x = 0. Suppose 3*k - c - 184 = x. Is k composite?
True
Let u be ((-997)/3)/(2*1/126). Let v = u + 35728. Let f = v - 8300. Is f composite?
False
Let a = -596 + 598. Suppose 5*t - 13171 = a*c, -3*t + 173 = -4*c - 7738. Is t a prime number?
True
Let n(b) = -b**2 + 3*b + 7. Let x be n(-3). Let u(h) = -2*h**3 + 18*h**2 + 24*h + 7. Is u(x) a prime number?
True
Let b be 46/(-115) - (-66)/(-10). Let h(o) = 132*o - 12. Let q be h(b). Let l = -493 - q. Is l a composite number?
False
Is 223/(-1338) - (15699190/(-12))/5 a composite number?
True
Suppose -8*t - 2*f + 3682 = -3*t, -2*t + 3*f + 1469 = 0. Suppose -15899 = -3*h + t. Is h composite?
True
Let m = 604545 - 254432. Is m composite?
True
Let i = -22378 + 36521. Is i a composite number?
False
Suppose 3*r - 5*m = r + 1, 5*m = 5*r - 10. Let c be (-1025)/(-10)*10 + r. Suppose -2*g = 2*g - c. Is g a prime number?
True
Suppose 0 = 4*q - 0*q - 28. Suppose -30299 = -q*y + 23720. Suppose f + k - 1544 = 0, 5*f + 2*k + 0*k - y = 0. Is f composite?
False
Let t be (2/(-6))/((-16)/240). Suppose 0 + 4 = b + 5*v, -t*v = 2*b + 2. Let g(q) = 24*q**2 - 6*q - 1. Is g(b) composite?
True
Suppose -8*t + 0*t = -32. Let h be 0 + 88/20 + t/(-10). Suppose -h*r - 4*u = -6864, u - 3007 = -3*r + 2137. Is r a prime number?
False
Let g(s) = 6 - 13 + 8 - 8*s**2 + 4*s**3 + s + 4. Let f = -15 - -21. Is g(f) a composite number?
False
Let d(g) = -36*g**3 + 4*g**2 + 5*g + 35. Let h be d(-7). Suppose -4*i = j - 3509, -5*j + 4*i + h = -4929. Is j composite?
True
Let d = 85 + -70. Suppose 0 = -3*c - d, -2*m = -4*m - 5*c + 609. Is m a composite number?
False
Suppose 2*j - 2114 = t + 63457, -2*j - 5*t = -65589. Is (j/1*1/(-3))/(-1) a prime number?
False
Let z(f) = -6*f - 104. Let s be z(-16). Let a(m) = -37*m + 335. Is a(s) composite?
False
Suppose -13*a = -r - 10*a + 14435, 0 = -4*r + 3*a + 57740. Is r a prime number?
False
Suppose -32*a + 913957 = -21*a. Is a prime?
False
Let d(u) = -117*u**3 - 2*u**2 - u - 1. Let k(h) = h**3 + h**2 - 6*h - 11. Let p be k(-2). Is d(p) composite?
True
Let z be (-4 - -7) + (-6 - -3). Suppose -f - 2*f - 3 = z. Let i(m) = -587*m**3 - 2*m**2 - 3*m - 1. Is i(f) prime?
True
Let z(i) = 2*i**2 - 116*i - 41. Let r(u) = -33*u - 2. Let g be r(1). Is z(g) composite?
False
Let i = -99 + 103. Suppose 0*b = 4*b + i*b. Is -3 - b - -334 - 2 a prime number?
False
Let m be (1512/(-78))/9 + 2/13. Is (m - 47991/(-6))*(-60)/(-90) a composite number?
True
Let s(x) = 3*x + 67. Let h be s(-21). Suppose 0 = h*v + v - 8085. Let g = -218 + v. Is g prime?
True
Let j(b) = 11*b**2 + 3*b - 2. Let y be j(2). Let f = -51 + y. Is 7824/3 - f - 0 prime?
False
Let a(s) = 7*s**3 - 4*s**2 - 50*s + 88. Is a(19) a composite number?
False
Let s(q) = -18*q - 110. Let w be s(-25). Suppose u - 2*z - w = 3317, -5*u = 3*z - 18233. Is u prime?
False
Suppose 443*k = 448*k + 10. Is (-118569)/22*k/3 composite?
False
Suppose 16*h - 179979 = 182026 - 144933. Is h a composite number?
False
Suppose 4*c - 3*r = 15, 3*c + r + 8 = 3. Suppose -y - 4*d + 2 + 10 = 0, c = -4*y + 3*d - 28. Is ((-214)/3)/(y/30) prime?
False
Let b = 6875 + 108904. Is b a prime number?
False
Let f(i) = 205*i - 59. Let p be f(18). Suppose 0 = -4*a + 15*n - 18*n + p, 0 = -5*a - 5*n + 4540. Is a a composite number?
False
Let h = -23347 - -36608. Suppose -4835 + h = 2*s. Is s prime?
False
Suppose -4*g + 3*a - 66817 = 0, 7*a + 16705 = -g + 8*a. Let t = g + 26391. Is t prime?
True
Suppose 0 = -g + 3*c + 80099, 0 = 3*g + 3*c + 67203 - 307548. Is g composite?
False
Let w(g) = -g**2 + 10*g - 17. Let n be w(7). Suppose 0*l = -3*l - 5*r + 2184, 2*r + 2938 = n*l. Let s = l - -6. Is s a prime number?
True
Let h be 18/(-4)*(-6)/3. Suppose 0*r - r + 15 = -2*y, -r - h = y. Let n(q) = -31*q + 1. Is n(y) composite?
True
Suppose 20 = 4*v + 4*i, -5*v - 3 = -2*i + 7. Suppose 10*p - 4*p - 318 = v. Is p prime?
True
Let w(b) = b - 10. Let t be w(3). Let f be t/28 - 1765/(-4). Suppose -y - q = -f, -3*y + 3*q + 1299 = -0*y. Is y a composite number?
True
Let f(l) = 104*l**2 + 6*l - 82. Let o be f(16). Suppose -5*p = -12877 - o. Is p prime?
False
Is (0 - -3)*176005/3 a prime number?
False
Let u be (-210)/(-28)*8/5. Suppose 3*m - u*m = -11385. Suppose 5*y - m = -5*t, y + 0*t = 2*t + 247. Is y a prime number?
True
Let p(g) be the second derivative of g**4/3 + g**3/3 + 5*g**2/2 + 197*g. Suppose 2*a + 3*j = -0*j - 3, j - 7 = 2*a. Is p(a) composite?
True
Suppose 0 = -15*m - 12*m + 135. Suppose 0 = -4*i - m*i + 91737. Is i composite?
False
Suppose -331953 + 2007102 = 21*t. Is t a composite number?
False
Suppose 11*q - 14*q + 108 = 0. Suppose 0 = -q*g + 38*g - 1516. Is g a composite number?
True
Let m = -23 - -21. Let v be (3 - (m + 6))/(2/4). Is 1*v*(-1797)/6 a prime number?
True
Is 22838346/378 + 20 - (-4)/42 prime?
False
Suppose m + 189 = 8*m. Suppose 4*a = 3*l + 3770, -m*a + l + 4707 = -22*a. Is a prime?
True
Let f(p) = 3*p**2 - 8*p - 39. Let y be f(5). Let r(b) be the first derivative of -22*b**4 - 4*b**3/3 + 2*b**2 + 5*b + 1. Is r(y) a composite number?
False
Let s(z) = 1028*z + 21. Let v be s(18). Suppose y = -3*r + 13900, -4*r - y - 2*y + v = 0. Suppose 0 = 12*h - 33855 + r. Is h composite?
True
Let f(c) = -171*c**3 + c**2 - 9*c - 50. Is f(-13) composite?
False
Let b = 128 + -101. Is 2 - 3*-13*b a composite number?
True
Suppose 2*o = -0*o - a - 62, -o = 4*a + 31. Is (-13826 + 0)/(o + 29) prime?
False
Suppose -z - 73*f + 165960 = -72*f, -z = -f - 165958. Is z prime?
False
Let j(z) = 3826*z + 101. Is j(2) a composite number?
False
Let i(x) = 3*x - 5*x - 1 + 4*x**2 + x**3 - 2*x**2 + 0*x**3. Let c be i(-2). Suppose -191 = -h - 4*k, 4*h + 0*h - c*k - 764 = 0. Is h a composite number?
False
Let o(u) = 82*u**2 - 18*u + 84*u**2 + 85*u - 162*u**2 + 24. Is o(-35) a prime number?
True
Suppose w = 6*q + 112060, 12*q - 13*q + 336237 = 3*w. Is w a prime number?
False
Let i = -413 - -1075. Let s = 12 + -8. Suppose -i - 530 = -s*t. Is t prime?
False
Let c be (-3)/(1/((-20)/12)). Suppose 5*n + 5855 = c*d, 3*n - 941 - 1416 = -2*d. Is d composite?
True
Let r = 18914 + 26093. Is r composite?
False
Suppose -4*w + 5307013 = 9*b, 289731 + 299930 = b + 4*w. Is b prime?
False
Let q(k) = -43976*k - 16. Let r be q(-1). Let t = r - 21107. Is t a prime number?
True
Suppose -44632 = z - 580569. Is z composite?
False
Let s be 0/((54/6)/3) - 3. Is s/(((-135)/(-16945))/(-9)) a composite number?
False
Suppose 2*j = h - 15071, 20*j + 4*h + 22634 = 17*j. Let i = -2277 - j. Is i a composite number?
False
Is (-750182*1/(-2))/(20*5/100) a prime number?
True
Suppose 3*a + 318 = -4*u - 147, -355 = 3*u + a. Let d = u - -71. Let l = d + 102. Is l a composite number?
False
Let y = 161 + -152. Suppose -5*s - 16708 = -y*s. Is s a composite number?
False
Let d = 317 + -314. Let y = -496 + 783. Suppose -d*g = -y - 706. Is g a composite number?
False
Let c = 185370 - 114993. Is c a composite number?
True
Suppose -4*c + 64194 = -4*t - 266974, 4*c = 5*t + 331173. Is c composite?
False
Suppose 63*c - 74*c - 275 = 0. Is -3 - (-32)/10 - 3170/c prime?
True
Let k be -8 - (-6)/((-24)/(-20)). Let n(u) = -2905*u + 20. Is n(k) prime?
False
Is 2 - 5*(-30)/25 - -116141 prime?
False
Let b(n) = -22*n + 92*n + 2*n - 14 + 58*n. Let m(i) = 1. Let a(y) = b(y) + 3*m(y). Is a(3) a prime number?
True
Let i = -300 + 3984. Suppose 3*k - i = 22701. Suppose b - 8807 = -4*b - 2*x, 0 = -5*b - 5*x + k. Is b a prime number?
False
Let g = -42 